?
6
What is the hundreds digit of 335225?
2
What is the ten thousands digit of 2882965?
8
What is the millions digit of 2147453?
2
What is the hundred thousands digit of 7110564?
1
What is the thousands digit of 1068558?
8
What is the tens digit of 18744677?
7
What is the ten thousands digit of 319323?
1
What is the tens digit of 870802?
0
What is the units digit of 520896?
6
What is the ten millions digit of 27924701?
2
What is the thousands digit of 7691219?
1
What is the thousands digit of 1916622?
6
What is the units digit of 4654472?
2
What is the thousands digit of 4563008?
3
What is the millions digit of 10036420?
0
What is the units digit of 375965?
5
What is the tens digit of 583394?
9
What is the tens digit of 2148959?
5
What is the hundreds digit of 80983?
9
What is the millions digit of 4507568?
4
What is the hundreds digit of 130090?
0
What is the units digit of 996671?
1
What is the thousands digit of 343450?
3
What is the units digit of 1675059?
9
What is the hundreds digit of 161574?
5
What is the millions digit of 5862284?
5
What is the thousands digit of 304194?
4
What is the tens digit of 3864293?
9
What is the hundreds digit of 194574?
5
What is the thousands digit of 2212544?
2
What is the millions digit of 14032565?
4
What is the hundred thousands digit of 2232431?
2
What is the millions digit of 1974504?
1
What is the ten thousands digit of 127532?
2
What is the ten millions digit of 16787282?
1
What is the millions digit of 1163473?
1
What is the hundred thousands digit of 4149720?
1
What is the hundred thousands digit of 736665?
7
What is the thousands digit of 2263425?
3
What is the hundred thousands digit of 128212?
1
What is the hundred thousands digit of 11781682?
7
What is the tens digit of 716144?
4
What is the millions digit of 1290485?
1
What is the units digit of 361569?
9
What is the hundred thousands digit of 32125147?
1
What is the units digit of 6785200?
0
What is the thousands digit of 8237761?
7
What is the millions digit of 4491387?
4
What is the ten thousands digit of 314999?
1
What is the ten thousands digit of 25770?
2
What is the hundreds digit of 2706736?
7
What is the tens digit of 6340643?
4
What is the ten thousands digit of 301976?
0
What is the tens digit of 5501375?
7
What is the tens digit of 5864589?
8
What is the hundred thousands digit of 3378555?
3
What is the tens digit of 135272?
7
What is the ten thousands digit of 213847?
1
What is the hundreds digit of 71419?
4
What is the hundreds digit of 6714223?
2
What is the ten thousands digit of 261006?
6
What is the hundred thousands digit of 3316992?
3
What is the ten thousands digit of 18032151?
3
What is the hundreds digit of 19783343?
3
What is the ten thousands digit of 63207?
6
What is the tens digit of 6017678?
7
What is the thousands digit of 228798?
8
What is the ten thousands digit of 1925975?
2
What is the millions digit of 1759424?
1
What is the hundreds digit of 13909839?
8
What is the thousands digit of 1214076?
4
What is the ten thousands digit of 2437467?
3
What is the tens digit of 526364?
6
What is the hundreds digit of 237850?
8
What is the hundred thousands digit of 894524?
8
What is the ten thousands digit of 2832348?
3
What is the ten thousands digit of 377581?
7
What is the hundreds digit of 4140421?
4
What is the units digit of 21390?
0
What is the units digit of 8806565?
5
What is the thousands digit of 11964?
1
What is the thousands digit of 1121367?
1
What is the thousands digit of 686967?
6
What is the units digit of 225294?
4
What is the thousands digit of 1772963?
2
What is the thousands digit of 22634?
2
What is the tens digit of 1430930?
3
What is the hundreds digit of 8119413?
4
What is the millions digit of 4248041?
4
What is the units digit of 1656920?
0
What is the millions digit of 3441142?
3
What is the ten thousands digit of 423772?
2
What is the hundred thousands digit of 517424?
5
What is the hundred thousands digit of 34945325?
9
What is the tens digit of 7925764?
6
What is the thousands digit of 356276?
6
What is the millions digit of 5887598?
5
What is the ten millions digit of 16590960?
1
What is the units digit of 83773?
3
What is the thousands digit of 1731422?
1
What is the hundred thousands digit of 118439?
1
What is the hundreds digit of 783809?
8
What is the tens digit of 136260?
6
What is the tens digit of 13887529?
2
What is the hundreds digit of 125030?
0
What is the ten thousands digit of 108539?
0
What is the units digit of 23188?
8
What is the thousands digit of 614388?
4
What is the ten thousands digit of 27259?
2
What is the ten thousands digit of 31609464?
0
What is the tens digit of 255001?
0
What is the tens digit of 348841?
4
What is the ten thousands digit of 906687?
0
What is the units digit of 4728213?
3
What is the tens digit of 6244731?
3
What is the ten thousands digit of 677513?
7
What is the units digit of 17103742?
2
What is the hundred thousands digit of 759068?
7
What is the ten thousands digit of 763250?
6
What is the thousands digit of 42136315?
6
What is the hundred thousands digit of 323597?
3
What is the ten millions digit of 24599648?
2
What is the thousands digit of 2171660?
1
What is the millions digit of 3393870?
3
What is the hundreds digit of 176607?
6
What is the tens digit of 7084475?
7
What is the ten thousands digit of 440890?
4
What is the hundred thousands digit of 10350516?
3
What is the tens digit of 2935954?
5
What is the thousands digit of 526341?
6
What is the units digit of 125694?
4
What is the hundreds digit of 56108?
1
What is the units digit of 5728012?
2
What is the units digit of 7658?
8
What is the hundred thousands digit of 147438?
1
What is the thousands digit of 1653141?
3
What is the hundreds digit of 9372963?
9
What is the hundred thousands digit of 581049?
5
What is the tens digit of 8267480?
8
What is the hundred thousands digit of 1032931?
0
What is the thousands digit of 5314062?
4
What is the units digit of 929696?
6
What is the ten thousands digit of 4161447?
6
What is the ten thousands digit of 591856?
9
What is the tens digit of 1877893?
9
What is the hundreds digit of 18940668?
6
What is the hundreds digit of 1081766?
7
What is the units digit of 1794813?
3
What is the tens digit of 10460551?
5
What is the units digit of 547872?
2
What is the ten thousands digit of 987294?
8
What is the ten thousands digit of 2469614?
6
What is the thousands digit of 26209206?
9
What is the hundreds digit of 2850446?
4
What is the units digit of 4253342?
2
What is the millions digit of 1445967?
1
What is the hundreds digit of 6634555?
5
What is the ten thousands digit of 1300627?
0
What is the thousands digit of 4837916?
7
What is the units digit of 211209?
9
What is the tens digit of 4529766?
6
What is the tens digit of 402124?
2
What is the ten thousands digit of 12583152?
8
What is the ten millions digit of 12693820?
1
What is the thousands digit of 7426087?
6
What is the units digit of 423839?
9
What is the ten thousands digit of 774861?
7
What is the hundred thousands digit of 430554?
4
What is the hundred thousands digit of 253374?
2
What is the ten thousands digit of 10366829?
6
What is the ten thousands digit of 1239136?
3
What is the thousands digit of 446788?
6
What is the tens digit of 138157?
5
What is the ten thousands digit of 3152433?
5
What is the tens digit of 237176?
7
What is the hundreds digit of 18133499?
4
What is the thousands digit of 3942378?
2
What is the thousands digit of 2240954?
0
What is the ten thousands digit of 828871?
2
What is the units digit of 7635928?
8
What is the ten thousands digit of 281606?
8
What is the thousands digit of 7631107?
1
What is the hundred thousands digit of 457759?
4
What is the hundreds digit of 553895?
8
What is the thousands digit of 1957378?
7
What is the ten thousands digit of 5053104?
5
What is the ten thousands digit of 1664483?
6
What is the units digit of 5200516?
6
What is the thousands digit of 15354344?
4
What is the millions digit of 3161039?
3
What is the hundreds digit of 2072811?
8
What is the thousands digit of 24838931?
8
What is the tens digit of 3034380?
8
What is the millions digit of 3882620?
3
What is the units digit of 2830733?
3
What is the hundred thousa